se
Let r = -4 + 3. Is (-126)/(-3) - (r - -4) a composite number?
True
Suppose -2*h - 27 = -7. Let i = 18 + -53. Let g = h - i. Is g prime?
False
Is ((-34)/(-4))/(3/2874) composite?
True
Let x = 0 + -1. Let n be x + (-6)/3 + 4. Is 0 + 777/(n + 2) prime?
False
Suppose 2*z = 3*z + 5, -144165 = -5*y - 4*z. Is y composite?
False
Suppose -3*y + 15 = 0, -4*w + 7*y - 5*y = -66850. Is w a prime number?
False
Suppose 5*k + 2*o + 13 = -3, 6 = -k + o. Is 1/(((-8)/886)/k) a composite number?
False
Let s(t) = -897*t + 103. Let k(n) = -1346*n + 155. Let m(b) = -5*k(b) + 7*s(b). Is m(7) prime?
False
Suppose 3*x + 2*x = -2*s + 2779, -4*x = 2*s - 2222. Is x prime?
True
Let l be -18*4/9*-3. Let c = 111 - l. Is c prime?
False
Suppose 6*l - 1226 = 3*l - u, 0 = -2*l - 3*u + 829. Let m = 495 + -757. Let d = m + l. Is d a prime number?
False
Let n = -5 - -11. Suppose 1968 = n*x - 0*x. Suppose 0 = -3*y + 533 + x. Is y a prime number?
False
Let b(o) = 31*o. Let d = 1 - -2. Let w be d + -7 - 15/(-3). Is b(w) composite?
False
Suppose 4*j = 81256 - 16428. Is j composite?
True
Suppose -5*s = -5*g - 2400, 0 = -0*s + 3*s - 2*g - 1439. Is s composite?
False
Suppose 10*j = 21 + 19. Suppose j*s + p - 20353 = 0, 3*s - 15276 = -2*p - p. Is s a composite number?
False
Let j(h) = -2*h - 14. Let x be j(-9). Suppose r - x*g = 404, -6*r = -2*r + 3*g - 1635. Let t = 811 - r. Is t a composite number?
True
Suppose 5*k + 20 = 0, 4*k = 25*g - 27*g + 49482. Is g composite?
False
Let t be -2 - (1 + (0 - 2)). Let w be (-1)/(-1*t/(-19)). Suppose -189 + w = -2*r. Is r prime?
False
Let c(q) = 151*q**2 + 10*q + 2. Is c(-8) a composite number?
True
Let v be 3/(36/33)*-4. Let m(s) = -37*s + 2. Is m(v) a prime number?
True
Suppose 3*i - 3*b = 2*i + 1916, 4*b = -20. Is i composite?
False
Let v(c) = -250*c + 17. Is v(-9) composite?
False
Let q(h) = -h**3 + 13*h**2 - 15*h + 8. Let u be q(12). Let l = 321 + u. Is l a prime number?
True
Suppose -4*r + 2 = -2*v, 13 = 2*v + 3*r - 2*r. Suppose v*m + 2378 = 2*k, 5*k = m + m + 5987. Is k prime?
False
Is (1/2)/(20/283160) a composite number?
False
Suppose 4*x - 3*f = 86806 + 5769, 4*f = -x + 23139. Is x prime?
True
Let c(y) = -82*y**3 + 4*y**2 - 2. Let l(h) = -2*h - 18. Let o be l(-8). Let g be c(o). Suppose g = 4*n + n. Is n prime?
False
Let o(d) = 2*d**3 - 54*d**2 + 62*d + 47. Is o(26) prime?
True
Suppose -y - 3*y - 2*x = 6, y = -x - 3. Suppose 2*u - 8 = y, -4*l + 3*u + 36 = 92. Is (-537)/l - (-4)/22 a prime number?
False
Let c be 1 + (-2)/(-2) + -366 + 4. Let k = -134 - c. Is k a prime number?
False
Let l be (-2)/(-7) + (-44560)/(-56). Suppose -2046 - l = -5*h + 4*r, -2*h + 4*r = -1144. Is h composite?
True
Let h = 1403 + 1820. Is h composite?
True
Suppose -5*z = b - 13, -2*b = z - 5*z + 2. Let v(x) = -77*x - 4. Let s be v(-3). Suppose 2*k - s = -t, 81 = 3*t + b*k - 609. Is t a prime number?
True
Suppose -3*k = 3*k - 4*k. Suppose -5*r - 2*m + 297 = 0, 2*m = -4*r - k*m + 238. Is r a composite number?
False
Let z(l) = 2*l**2 - 6*l + 2. Let i be z(4). Suppose -5*a = -5 - i. Suppose -30 - 177 = -a*u. Is u composite?
True
Let f = -57 - -59. Suppose -47 = -f*g + 2117. Is g a composite number?
True
Suppose 4*f + 0*f = 4*b - 32, 4*f = -3*b - 4. Suppose -5*i + 633 = w, 0 = 5*w - 3*i + b*i - 3069. Is w a prime number?
True
Let t(v) = 41*v**2 - 8*v**2 + 44*v**2 + 32 - 35. Is t(-2) prime?
False
Suppose 3*d = 11 + 4. Let m(o) be the third derivative of o**4/6 - o**3/6 - 375*o**2. Is m(d) prime?
True
Let a be (-35020)/(-22) + 6 + 4/22. Let n be 58/18 - 10/45. Suppose 0 = n*t - a - 1807. Is t prime?
False
Is -41386*(48/(-120))/((-8)/(-10)) composite?
False
Suppose -p = -6*p + 5, v + p - 3 = 0. Suppose -2*t = -6*t - 5*m + v, -4*t = -5*m - 22. Suppose -426 - t = -3*f. Is f a prime number?
False
Let h be (10 + -9)*(82 - -1). Suppose a + 4*a = 285. Let i = h - a. Is i a composite number?
True
Let m(r) = -157*r**3 - 13*r**2 + 4*r - 7. Is m(-9) a prime number?
True
Let b(s) = s**3 - 12*s**2 + 6*s + 17. Suppose -2*x + 6 = -2*l - 74, 0 = l + 4*x + 20. Let q be (l/(-21))/(3/21). Is b(q) a composite number?
False
Let o(t) = -t**2 + 6*t. Let h be o(6). Suppose h = 2*s - 5*s + 18. Is (88 + -2)*3/s prime?
True
Is 31944/1 - 728/56 prime?
False
Let l(p) = -647*p + 12. Let f be l(2). Is (6 - 26/4)/(1/f) prime?
True
Let d = 10447 + -5408. Is d composite?
False
Let f be -2950 + -1*(0 - -3). Let r = f - -4430. Is r composite?
True
Let k = -23 - -27. Suppose -5*a = 4*f - 2672, 4*f - 6*a - 2700 = -k*a. Is f composite?
False
Suppose -76660 - 42354 = -14*x. Is x prime?
True
Let f = 12 - 10. Suppose 2*c = 3*w - 9, 3*c - 6 = -4*w + f*w. Suppose 2*o + 5*h - 288 = h, -4*h - 4 = c. Is o a composite number?
True
Suppose 2*l - 6 = 4*y, -4*l = y - 8 - 4. Let u be 21/9 + (-2)/(-3). Suppose 2*m = o - 223, y = u*o - 5*o + 3*m + 442. Is o composite?
True
Is ((-54082)/3)/((-4)/6) a composite number?
True
Let u = 12223 + -6318. Is u a composite number?
True
Suppose -2*h - 4 = -4*s, -3*s - 8 = -6*s - h. Suppose -s*w + 2*g - 371 = -3*w, -3*g - 1528 = -4*w. Is w a composite number?
False
Suppose 10*n + 2*r + 63797 = 15*n, 0 = -3*n - 5*r + 38272. Is n a prime number?
False
Suppose 9*b - 115313 = -17690. Is b a prime number?
True
Let o = 5773 + -3164. Is o prime?
True
Suppose 5*a - 2*a = -3*y + 21, -3*a - 3 = -5*y. Is (-2)/a*(-1534 + -4) composite?
False
Suppose -5*d = 3*s - 886, 5*s = 6*s + 4*d - 300. Let g = s - -115. Is g composite?
True
Suppose 0 = -l + 3*l + 8. Is 2 - (-5 - l)*401 a prime number?
False
Suppose 3 = l - 13. Suppose 38 = -s - l. Is 5738/18 - 12/s prime?
False
Let i(z) = -z - 1. Let v be i(-5). Suppose v*f - 49 = 27. Is f prime?
True
Suppose 40*v + 10*v - 34150 = 0. Is v composite?
False
Suppose -6*n = -2*n + 352. Let z be -645*((-12)/9 - -1). Let i = z + n. Is i composite?
False
Is (140/70)/(2/1567) a prime number?
True
Let r(s) be the second derivative of -s**4/2 + s**3 - 5*s**2/2 - 7*s. Let c(d) = -5*d**2 + 7*d - 6. Let a(f) = -3*c(f) + 2*r(f). Is a(5) composite?
True
Suppose 84 + 41 = 5*n. Suppose 2*o + 3*o - n = 0. Suppose -527 = -o*t + 108. Is t composite?
False
Let t = 9453 + -4726. Is t composite?
True
Let g = -5645 - -8478. Is g composite?
False
Let r = 20 - 6. Let t(s) = -s**3 + 14*s**2 + s - 11. Let z be t(r). Suppose -z*i + 643 = 3*f - f, 3*f - 859 = -4*i. Is i a composite number?
False
Let t(o) = o**3 - 7*o**2 + o - 6. Let z be t(7). Is (-1909)/(-46)*z*2 prime?
True
Suppose -3*g + 4*r + 32 = 0, 2*g + 3*r + 2 = -5. Suppose -2*v = -2*n - 583 - 2717, -3*v + 5*n = -4940. Suppose 360 = t - 5*x, -t - 4*t - g*x = -v. Is t prime?
False
Suppose -5*o = y - 3787, 18935 = 6*y - y - 5*o. Is y prime?
False
Let j(v) be the first derivative of 373*v**2/2 - 2*v + 5. Is j(1) a composite number?
True
Let h = -53 - -51. Is (1/h*818)/(1/(-1)) a prime number?
True
Let i(b) = -b**3 + 3*b**2 + 4*b - 3. Let k be i(3). Let y be 34/k - 4/(-18). Is (2/(y/694))/1 prime?
True
Let n = 820 - 279. Is n composite?
False
Suppose -5*x + 6 = -9, -4*x - 28 = -2*n. Let a be (4445/n)/(2/8). Suppose -a = -3*f + 3*u + 2*u, 0 = 3*f + 5*u - 899. Is f a composite number?
True
Let k(q) = -q + 2. Let h be -5*1 - (-2 + -1). Let y be k(h). Suppose -46 = -y*i + 3*i. Is i composite?
True
Let w be (-2)/(-11) - 1920/(-88). Suppose w = 4*t + 2. Suppose t*z = 4*z + 157. Is z a composite number?
False
Suppose 0 = 2*k - 12 - 8. Suppose x + 32 - k = -s, -x - 14 = -s. Is ((-9)/x)/((-2)/(-844)) composite?
False
Suppose w + 0*w - 2*q = 984, 5*w = 2*q + 4880. Is w prime?
False
Suppose -3*d - 5 = 1. Let m be 5*8/(40/(-3)). Is 97/m*(d + -1) prime?
True
Suppose 561*v - 565*v = -1004. Is v a prime number?
True
Let h(r) be the first derivative of 65*r**4 - r**3/3 - r**2 + 2*r + 17. Is h(1) a prime number?
False
Suppose -16*z + 15160 = -8*z. Is z composite?
True
Let w(g) = 7360*g - 33. Is w(3) a prime number?
False
Let l(p) = -117*p + 16. Let v be l(-8). Suppose -4*g - v = -8*g. Suppose -4*a = -3*r - 0*r + 365, -g = -2*r + 4*a. Is r prime?
True
Let v be (-4)/(3 + -7) - -1. Suppose 5*f - c = 158 + 309, c = v*f - 188. Suppose 0 = -0*j + 3*j - f. Is j prime?
True
Let z = -77 - 39. Let o = z - -60. Let v = 57 - o. Is v a prime number?
True
Suppose -1581 + 9033 = 6*w. Let k = w + -455. Is k a prime number?
True
Let f(n) be the first derivative of -1